4)?
1
Suppose -3*u = 5*d - 48, 0*u + 4*u = 3*d - 23. What is the remainder when (6/12 + (-1)/(-2))*17 is divided by d?
8
Suppose -m = -0 - 3, 0 = 3*f - m + 15. What is the remainder when f/(-6) - 290/(-6) is divided by (-33)/(-2) - 3/(-6)?
15
Suppose -2*b = -3 - 31. Let x(h) = 2*h - 23. Calculate the remainder when b is divided by x(16).
8
Let o = -9 + 31. Let c(f) = f**2 + 3*f - 6. Calculate the remainder when o is divided by c(-6).
10
Let x(z) = -z - 7. Let r be x(-7). Calculate the remainder when (-7*2)/(r - 1) is divided by 5.
4
Let d(r) = 2*r - 11. Let s be d(8). Suppose -2*a = 3*o + 3*a - 51, 51 = s*o - 3*a. What is the remainder when 35 is divided by o?
11
Let o(p) = p**2 - p + 24. What is the remainder when 69 is divided by o(0)?
21
Suppose -3 = -3*o - 0. What is the remainder when 69 - 1/(o/4) is divided by 17?
14
Let z be 11/(-2) - (-3)/6. Calculate the remainder when 15 is divided by (z + 6)/((-1)/(-8)).
7
Suppose 5*f + 5*s - 16 = 3*s, -3*f + 3*s = -18. Suppose 7*j - f = 10. What is the remainder when 8 is divided by j?
0
Let j(w) be the first derivative of 3*w**2/2 - 2*w + 2. Let i = 8 - 5. Calculate the remainder when 13 is divided by j(i).
6
Let x(v) = 2*v**2 - 4*v - 2. Let m be x(4). Suppose -i + m = 1. Calculate the remainder when i is divided by 4.
1
Suppose 0*w + t = -4*w + 9, -2*t = -3*w + 4. Suppose -3*c + 80 = 5*d, -3*d + w*c + 86 = d. What is the remainder when 56 is divided by d?
18
Let r = 184 + -117. What is the remainder when r is divided by 27?
13
Let c be (3 - 4)/((-1)/26). Suppose 4*j + l = -0*l + c, 2*l - 10 = -2*j. Calculate the remainder when 12 is divided by j.
5
Let p be ((-4)/(-4))/((-1)/(-9)). Suppose 6*m + p = 7*m. Calculate the remainder when 33 is divided by m.
6
Let m(b) = b + 1. Let u(c) = -c**3 - c**2 - 6*c + 7. Let i(w) = 5*m(w) + u(w). Calculate the remainder when 22 is divided by i(0).
10
Let y(l) = -2*l**3 - l**2 - 1. Calculate the remainder when 63 is divided by y(-2).
8
Let b = -106 - -141. Calculate the remainder when 138 is divided by b.
33
Let l = -5 - -14. Suppose l*s - 4*s = 20. Let w = 29 - 19. Calculate the remainder when w is divided by s.
2
Suppose 5*c - 7*c = -134. Calculate the remainder when c is divided by 36.
31
Suppose -z - 11 + 15 = 0. Suppose 0 = 3*m - z - 41. What is the remainder when m is divided by 4?
3
Suppose 0*t - 6*t - 30 = 0. Calculate the remainder when ((-36)/t)/(6/15) is divided by 5.
3
Suppose 3*w - 33 = 4*n, 0 = -w - n - 2*n - 2. Calculate the remainder when 34 is divided by w.
6
Let c(g) = -g**3 - 3*g**2 - g - 2. Let m be c(-3). Let d = m - -1. What is the remainder when (d/(-3))/((-8)/228) is divided by 10?
9
What is the remainder when 2/(-4)*(-14 + -40) is divided by 6?
3
Suppose q - 3*w = -1, -16 = -2*q - 0*q - 3*w. Suppose -2*d + 137 = q. Suppose 7*l - d = 4*l. What is the remainder when 64 is divided by l?
20
Suppose -151 = -2*h + 5*f, -2*f - 3*f - 68 = -h. Calculate the remainder when h is divided by 22.
17
Let a = -10 + 16. What is the remainder when a is divided by 2?
0
Calculate the remainder when (-8)/(-44) + -2 + 515/11 is divided by 21.
3
Let n(j) = -j**2 - 8*j + 3. Let i be n(-8). Suppose -2*t + 5*g = -0*t - 9, 5*t + i*g - 7 = 0. Calculate the remainder when 7 is divided by t.
1
Suppose 13*k + 50 = 18*k. Calculate the remainder when k is divided by 7.
3
Let g = -8 - -15. What is the remainder when 26 is divided by g?
5
What is the remainder when 69 is divided by -9*(28/12 - 5)?
21
Let m(k) = -k**3 - 6*k**2 + 12*k - 17. What is the remainder when m(-9) is divided by 6?
4
Suppose 36 = 2*b + 2*q, -2*b = 2*b + 3*q - 71. Suppose 5*v - 5*m - 120 = 155, 4*v - 3*m - 215 = 0. Calculate the remainder when v is divided by b.
16
Suppose -4*b + 2*b = 4. Let i = 0 - b. What is the remainder when 2 is divided by i?
0
Let i(m) = m**3 - 5*m**2 + 6*m - 4. Let r be i(4). Let w = r - -12. What is the remainder when w is divided by 40/6 + (-16)/24?
4
Suppose -c + 3*c = 5*l - 7, -3*l + 5*c + 8 = 0. Suppose 0 = z - 4*z + 4*a - 8, -z - 2*a + 4 = 0. Calculate the remainder when (-1 + -5)*(z - l) is divided by 4.
2
Suppose 11*r = 5*r + 180. Calculate the remainder when 87 is divided by r.
27
Suppose -3*z + 3*n = -33, -7*z + 53 = -2*z - 3*n. What is the remainder when 28 is divided by z?
8
Suppose 4*s + 2 = -34. Calculate the remainder when (6/(-10))/(2/(-10)) is divided by 2/s + 20/9.
1
Suppose -2*f = -3*b - 0*b - 1, 3*b + f = 14. Let r(m) = 3*m + 4. What is the remainder when 37 is divided by r(b)?
11
Calculate the remainder when 122 is divided by (15 - 16) + (17 - -2).
14
Let m(z) = -z**2 - 7*z + 3. Let j(x) = -x**3 - 7*x**2 - 7*x - 3. Let b be j(-6). Suppose -w + 20 = b*w. What is the remainder when m(-6) is divided by w?
4
What is the remainder when (-690)/92*((-16)/3 - 0) is divided by 9?
4
Let d(w) = -w**2 + 9*w - 3. Calculate the remainder when (-316)/(-10) + (-21)/35 is divided by d(4).
14
Let g(u) = 2*u**2 + 5*u + 3. Suppose -5*q - 25 = 0, p + 4*q + 4 = -0. Calculate the remainder when p is divided by g(-3).
4
What is the remainder when 55 is divided by (3 - 5)*(-29)/2?
26
Let p(i) = 12*i**2 - 4*i - 1. Calculate the remainder when 73 is divided by p(-1).
13
Let q(r) = r**2 + 4*r - 3. Suppose -3*j = -j - 2*d - 24, -j + 2*d + 8 = 0. Calculate the remainder when q(-8) is divided by j.
13
Let p(s) = 2*s + 1. What is the remainder when 24 is divided by p(2)?
4
Suppose -5*s = -8 - 102. Suppose -n + s = -0*n. What is the remainder when 65 is divided by n?
21
Let w = 3 + 0. Let s(m) be the first derivative of 2*m**3/3 + m**2 - 3. What is the remainder when s(-2) is divided by w?
1
Suppose -5*d + 8 = -d. Suppose 0 = -d*l + 2 + 16. What is the remainder when l is divided by 3?
0
Let m = 0 + 0. Let i(v) = v**2 - v + 4. Let f be i(m). Suppose -f*p + 155 = p. Calculate the remainder when p is divided by 11.
9
Suppose -4*a + 20 = -28. Suppose -18*z - 185 = -797. What is the remainder when z is divided by a?
10
Let m be (1 + 0)/((-2)/204). Let n = -73 - m. What is the remainder when n is divided by 11/(-1)*-1 - 1?
9
Let m(i) = 6*i**3 + i**2 + 5*i - 2. Let b(p) = -7*p**3 - p**2 - 6*p + 2. Let o(q) = 5*b(q) + 6*m(q). What is the remainder when 29 is divided by o(2)?
9
Suppose -u - 5*g = -14, 5*g = 2*u + 3 - 1. Suppose 0 = 2*a - c + u*c + 1, 4*c + 12 = 0. Let p = a - -3. Calculate the remainder when 12 is divided by p.
5
Let n be ((-10)/15)/((-2)/21). Let l = 23 - n. Calculate the remainder when 46 is divided by l.
14
Suppose -4*u + 4*d + 55 = 15, 0 = -4*d. Let i = -24 - -51. Calculate the remainder when i is divided by u.
7
Suppose -3*n = n - 12. Suppose -n*a + 130 = -a. What is the remainder when a is divided by 165/10*(-4)/(-3)?
21
Let k(h) = h**2 - 2*h - 2. Suppose 0 = -0*m + 4*m - 68. Calculate the remainder when m is divided by k(4).
5
Let k = 10 - 7. What is the remainder when 10 is divided by k?
1
Suppose -2*i - 3*x + 2*x - 16 = 0, -3*i - 22 = 2*x. Let a be (-12 - -3)*i/3. Let k = a - 15. What is the remainder when 29 is divided by k?
14
Suppose -5 - 4 = -o. Let s(k) = -4*k**3 + 2*k**2 + k. Calculate the remainder when o is divided by s(-1).
4
Let g = -47 - -27. Let y be (-142)/(-8) - 5/g. Calculate the remainder when 6/(-27) + 706/y is divided by 20.
19
Let h(l) = -l**2 - 12*l + 7. Let c be h(-12). Suppose x - 4*s - c = 0, -x = 3*s - 11 - 17. Calculate the remainder when 35 is divided by x.
16
Suppose 3 = u - 1. Let y = u + -10. Calculate the remainder when 28 is divided by (-3)/y*1*30.
13
Let u = -8 + 11. Suppose 5*i + 4*s - 7 - 20 = 0, -s = -2*i + u. What is the remainder when 5 is divided by i?
2
Let j(t) = 49*t + 6. Let g(p) = 10*p + 1. Let l(m) = 11*g(m) - 2*j(m). Calculate the remainder when 32 is divided by l(1).
10
Suppose -2*g = -0*g + 8. Let r(t) = 3*t**2 - 2*t + 1. What is the remainder when g/(2/(-13) - 0) is divided by r(2)?
8
Let h = -8 - -10. Let v(m) = 8*m - 5. What is the remainder when v(h) is divided by 7?
4
Suppose b - 26 - 14 = 0. Suppose 0 = 4*d + 3*s + b, -2*d - d + 2*s - 13 = 0. What is the remainder when d/(-2) - (-2)/4 is divided by 2?
0
Let c(u) = u**2 + 2*u + 2. Let q be c(-3). Let g(w) = -w + q + 5*w + 1. What is the remainder when g(6) is divided by 11?
8
Calculate the remainder when (-234*(1 + -2) - -2) + -1 is divided by 34.
31
Suppose -6*p 